{"id":5384,"date":"2021-07-15T20:14:05","date_gmt":"2021-07-15T20:14:05","guid":{"rendered":"https:\/\/valahia.riplu.ro\/?page_id=5384"},"modified":"2021-09-11T19:03:20","modified_gmt":"2021-09-11T19:03:20","slug":"misiune","status":"publish","type":"page","link":"https:\/\/economice.valahia.ro\/?page_id=5384","title":{"rendered":"Misiune"},"content":{"rendered":"<p>[vc_row][vc_column]<h1 style=\"color:;\" class=\" ztl-accent-font ztl-center ztl-font-bold\">VIZIUNE &amp; MISIUNE<\/h1>[\/vc_column][\/vc_row][vc_row][vc_column width=&#8221;2\/3&#8243;][vc_empty_space][vc_empty_space][vc_column_text]<strong>Viziune. <\/strong>Ca parte integrant\u0103 a Universit\u0103\u021bii \u201eValahia\u201d din T\u00e2rgovi\u015fte, Facultatea de \u0218tiin\u021be Economice \u00ee\u015fi propune s\u0103 devin\u0103 o structur\u0103 academic\u0103 comprehensiv\u0103, reprezentativ\u0103 la nivel na\u021bional, orientat\u0103 spre excelen\u021b\u0103, care s\u0103 contribuie la cre\u015fterea competitivit\u0103\u0163ii \u0219i a spiritului antreprenorial la nivelul zonei de sud est a \u0163\u0103rii prin promovarea unor programe de studii de un \u00eenalt nivel calitativ \u015fi prin realizarea unor proiecte de cercetare de interes major, sus\u0163inute de\u00a0 resurse umane \u00eenalt calificate \u015fi o \u00eenfrastructur\u0103 la nivelul standardelor interna\u0163ionale \u00een domeniu. [\/vc_column_text][\/vc_column][vc_column width=&#8221;1\/3&#8243;][vc_single_image image=&#8221;5885&#8243; img_size=&#8221;large&#8221;][\/vc_column][\/vc_row][vc_row][vc_column width=&#8221;1\/4&#8243;][vc_single_image image=&#8221;5882&#8243; img_size=&#8221;large&#8221;][\/vc_column][vc_column width=&#8221;3\/4&#8243;][vc_column_text]<strong>Misiune. <\/strong>Misiunea Facult\u0103\u021bii de \u0218tiin\u021be Economic deriv\u0103 din misiunea Universit\u0103\u0163ii\u00a0 \u201eValahia\u201d din T\u00e2rgovi\u015fte \u0219i este:<\/p>\n<p><strong>A. Didactic\u0103 \u015fi de cercetare \u015ftiin\u0163ific\u0103<\/strong>, concretizat\u0103 prin:<\/p>\n<ul>\n<li>organizarea programelor de studii universitare (de licen\u0163\u0103, masterat, doctorat, post doctorat \u015fi abilitare) \u00een scopul form\u0103rii de speciali\u015fti cu studii economice superioare, de \u00eenalt\u0103 calificare; <\/li>\n<li>educa\u0163ia permanent\u0103 a adul\u0163ilor, \u00een scopul dezvolt\u0103rii personale, al inser\u0163iei profesionale a individului \u015fi a satisfacerii nevoii de competen\u0163\u0103 a mediului socio-economic \u015fi cultural;<\/li>\n<li>activit\u0103\u0163i de cercetare \u015ftiin\u0163ific\u0103 fundamental\u0103 \u015fi aplicativ\u0103, dezvoltare, inovare \u015fi transfer tehnologic, crea\u0163ie individual\u0103 \u015fi colectiv\u0103 \u00een domeniul \u015ftiin\u0163elor economice precum \u015fi valorificarea \u015fi diseminarea rezultatelor acestora. <\/li>\n<\/ul>\n<p><strong>B. Social\u0103 \u015fi cultural\u0103<\/em><\/strong>, concretizat\u0103 prin implicarea activ\u0103 \u00een dezvoltarea local\u0103, regional\u0103, na\u0163ional\u0103 \u015fi european\u0103, sustenabil\u0103 din punct de vedere social, economic \u015fi cultural \u0219i promovarea valorilor culturale universale, \u00een acord cu exigen\u0163ele unei societ\u0103\u0163i bazate pe cunoa\u015ftere.[\/vc_column_text][\/vc_column][\/vc_row][vc_row][vc_column width=&#8221;2\/3&#8243;][vc_column_text]<em><strong>Valori<\/strong>.<\/em> Av\u00e2nd la baz\u0103 nevoia uman\u0103 de stim\u0103 \u015fi recunoa\u015ftere social\u0103, orice individ trebuie s\u0103 aib\u0103 posibilitatea de a se instrui la nivel superior. Ca structur\u0103 universitar\u0103 component\u0103 a Spa\u0163iului European al \u00cenv\u0103\u0163\u0103m\u00e2ntului Superior (EHEA), Facultatea de \u0218tiin\u021be Economice \u00ee\u0219i asum\u0103 Codul eticii \u0219i deontologiei profesionale al acestei institu\u021bii de \u00eenv\u0103\u021b\u0103m\u00e2nt superior \u0219i promoveaz\u0103 <em>valori de baz\u0103<\/em> precum:<\/p>\n<ul>\n<li>excelen\u0163a \u015fi sustenabilitatea proceselor;<\/li>\n<li>libertatea de g\u00e2ndire \u0219i exprimare; <\/li>\n<li>inovarea \u015fi dinamismul \u00een \u00eenv\u0103\u0163\u0103m\u00e2nt, cercetare \u015fi crea\u0163ie artistic\u0103;<\/li>\n<li>dreptatea \u015fi echitatea; <\/li>\n<li>meritul \u015fi profesionalismul; <\/li>\n<li>onestitatea \u015fi corectitudinea; <\/li>\n<li>respectul, toleran\u0163a \u015fi non-discriminarea;<\/li>\n<li>transparen\u0163a \u015fi responsabilitatea. <\/li>\n<\/ul>\n<p>[\/vc_column_text][\/vc_column][vc_column width=&#8221;1\/3&#8243;][vc_single_image image=&#8221;5886&#8243; img_size=&#8221;large&#8221;][\/vc_column][\/vc_row][vc_row][vc_column][vc_row_inner][vc_column_inner][vc_column_text]Misiunea Facult\u0103\u021bii de \u0218tiin\u021be Economic deriv\u0103 din misiunea Universit\u0103\u021bii \u201eValahia\u201d din T\u00e2rgovi\u0219te care este una didactic\u0103 \u0219i de cercetare \u0219tiin\u021bific\u0103, dar cuprinde \u0219i o dimensiune civic\u0103 \u0219i cultural\u0103, const\u00e2nd \u00een organizarea vie\u021bii culturale, artistice \u0219i sportive din spa\u021biul universitar, pentru ca Universitatea s\u0103 dob\u00e2ndeasc\u0103, pe l\u00e2ng\u0103 statutul de centru de preg\u0103tire didactic\u0103, profesional\u0103 \u0219i de cercetare \u0219tiin\u021bific\u0103 \u0219i atributele de principal centru de educa\u021bie, civiliza\u021bie \u0219i cultur\u0103 al comunit\u0103\u021bii socio-economice din zona \u00een care \u00ee\u0219i desf\u0103\u0219oar\u0103 activitatea.<\/p>\n<p>Facultatea de \u0218tiin\u021be Economice \u00ee\u0219i asum\u0103 <em>misiunea<\/em> de a genera, tezauriza \u0219i transfera cunoa\u0219tere c\u0103tre societate prin:<\/p>\n<p>a) promovarea studiilor de licen\u021b\u0103, masterat, doctorat \u0219i studii postuniversitare pentru formarea de speciali\u0219ti cu studii superioare, de \u00eenalt\u0103 calificare \u00een domeniul economic;<\/p>\n<p>b) cercetare \u0219tiin\u021bific\u0103, dezvoltare, inovare \u0219i transfer tehnologic, prin crea\u021bie individual\u0103 \u0219i colectiv\u0103 \u00een domeniul economic; <\/p>\n<p>c) implicarea activ\u0103 \u00een dezvoltarea local\u0103, regional\u0103, na\u021bional \u0219i european\u0103 sustenabil\u0103, din punct de vedere social, economic \u0219i cultural prin promovarea valorilor culturale universale, \u00een concordan\u021b\u01ce cu exigen\u021bele unei societ\u0103\u021bi bazate pe cunoa\u0219tere.[\/vc_column_text][\/vc_column_inner][\/vc_row_inner][\/vc_column][\/vc_row]<\/p>\n","protected":false},"excerpt":{"rendered":"<p>[vc_row][vc_column][\/vc_column][\/vc_row][vc_row][vc_column width=&#8221;2\/3&#8243;][vc_empty_space][vc_empty_space][vc_column_text]Viziune. Ca parte integrant\u0103 a Universit\u0103\u021bii \u201eValahia\u201d din T\u00e2rgovi\u015fte, Facultatea de \u0218tiin\u021be Economice \u00ee\u015fi propune s\u0103 devin\u0103 o structur\u0103 academic\u0103 comprehensiv\u0103, reprezentativ\u0103 la nivel na\u021bional, orientat\u0103 spre excelen\u021b\u0103, care s\u0103 contribuie la cre\u015fterea competitivit\u0103\u0163ii \u0219i a spiritului antreprenorial la nivelul zonei de sud est a \u0163\u0103rii prin promovarea unor programe de studii de un [&hellip;]<\/p>\n","protected":false},"author":1,"featured_media":0,"parent":0,"menu_order":0,"comment_status":"closed","ping_status":"closed","template":"","meta":{"footnotes":""},"class_list":["post-5384","page","type-page","status-publish","hentry"],"_links":{"self":[{"href":"https:\/\/economice.valahia.ro\/index.php?rest_route=\/wp\/v2\/pages\/5384","targetHints":{"allow":["GET"]}}],"collection":[{"href":"https:\/\/economice.valahia.ro\/index.php?rest_route=\/wp\/v2\/pages"}],"about":[{"href":"https:\/\/economice.valahia.ro\/index.php?rest_route=\/wp\/v2\/types\/page"}],"author":[{"embeddable":true,"href":"https:\/\/economice.valahia.ro\/index.php?rest_route=\/wp\/v2\/users\/1"}],"replies":[{"embeddable":true,"href":"https:\/\/economice.valahia.ro\/index.php?rest_route=%2Fwp%2Fv2%2Fcomments&post=5384"}],"version-history":[{"count":9,"href":"https:\/\/economice.valahia.ro\/index.php?rest_route=\/wp\/v2\/pages\/5384\/revisions"}],"predecessor-version":[{"id":6018,"href":"https:\/\/economice.valahia.ro\/index.php?rest_route=\/wp\/v2\/pages\/5384\/revisions\/6018"}],"wp:attachment":[{"href":"https:\/\/economice.valahia.ro\/index.php?rest_route=%2Fwp%2Fv2%2Fmedia&parent=5384"}],"curies":[{"name":"wp","href":"https:\/\/api.w.org\/{rel}","templated":true}]}}