{"id":6802,"date":"2021-11-02T21:43:02","date_gmt":"2021-11-02T21:43:02","guid":{"rendered":"https:\/\/economice.valahia.ro\/?page_id=6802"},"modified":"2023-03-15T02:36:52","modified_gmt":"2023-03-15T00:36:52","slug":"fisa-disciplinei-cig-3","status":"publish","type":"page","link":"https:\/\/economice.valahia.ro\/?page_id=6802","title":{"rendered":"Fisa disciplinei LCI 3"},"content":{"rendered":"<p>[vc_row][vc_column]<h2 style=\"color:;\" class=\" ztl-accent-font ztl-center ztl-font-normal\">FI\u0218A DISCIPLINEI - ANUL III<\/h2><h2 style=\"color:;\" class=\" ztl-accent-font ztl-center ztl-font-normal\">CONTABILITATE \u0218I INFORMATIC\u0102 DE GESTIUNE<\/h2>[\/vc_column][\/vc_row][vc_row][vc_column][vc_empty_space][vc_text_separator title=&#8221;SEMESTRUL I&#8221; color=&#8221;orange&#8221;][\/vc_column][\/vc_row][vc_row][vc_column][vc_column_text]<\/p>\n<p style=\"text-align: center;\"><a href=\"https:\/\/economice.valahia.ro\/wp-content\/uploads\/2023\/03\/FD-LCI3-Analiza-economica-si-financiara.pdf\" target=\"_blank\" rel=\"noopener\">Analiz\u0103 economic\u0103 \u015fi financiar\u0103<\/a><\/p>\n<p style=\"text-align: center;\"><a href=\"https:\/\/economice.valahia.ro\/wp-content\/uploads\/2023\/03\/FD-LCI3-Contabilitate-de-gestiune.pdf\" target=\"_blank\" rel=\"noopener\">Contabilitate de gestiune<\/a><\/p>\n<p style=\"text-align: center;\"><a href=\"https:\/\/economice.valahia.ro\/wp-content\/uploads\/2023\/03\/FD-LCI3-Contabilitatea-institutiilor-de-credit.pdf\" target=\"_blank\" rel=\"noopener\">Contabilitatea institu\u0163iilor de credit<\/a><\/p>\n<p style=\"text-align: center;\"><a href=\"https:\/\/economice.valahia.ro\/wp-content\/uploads\/2023\/03\/FD-LCI3-Contabilitatea-si-gestiunea-trezoreriei.pdf\" target=\"_blank\" rel=\"noopener\">Contabilitatea \u0219i gestiunea trezoreriei<\/a><\/p>\n<p style=\"text-align: center;\"><a href=\"https:\/\/economice.valahia.ro\/wp-content\/uploads\/2023\/03\/FD-LCI3-Drept-societar.pdf\" target=\"_blank\" rel=\"noopener\">Drept societar<\/a><\/p>\n<p style=\"text-align: center;\"><a href=\"https:\/\/economice.valahia.ro\/wp-content\/uploads\/2023\/03\/FD-LCI3-Sisteme-informatice-de-gestiune.pdf\" target=\"_blank\" rel=\"noopener\">Sisteme informatice de gestiune<\/a><\/p>\n<p style=\"text-align: center;\"><a href=\"https:\/\/economice.valahia.ro\/wp-content\/uploads\/2023\/03\/FD-LCI3-Sisteme-si-raportari-financiare.pdf\" target=\"_blank\" rel=\"noopener\">Sisteme \u0219i raport\u0103ri financiare<\/a><\/p>\n<p>&nbsp;[\/vc_column_text][\/vc_column][\/vc_row][vc_row][vc_column][vc_text_separator title=&#8221;SEMESTRUL II&#8221; color=&#8221;orange&#8221;][vc_column_text]<\/p>\n<p style=\"text-align: center;\"><a href=\"https:\/\/economice.valahia.ro\/wp-content\/uploads\/2023\/03\/FD-LCI3-Antreprenoriat-si-gestiunea-afacerilor.pdf\" target=\"_blank\" rel=\"noopener\">Antreprenoriat \u0219i gestiunea afacerilor<\/a><\/p>\n<p style=\"text-align: center;\"><a href=\"https:\/\/economice.valahia.ro\/wp-content\/uploads\/2023\/03\/FD-LCI3-Audit-intern.pdf\" target=\"_blank\" rel=\"noopener\">Audit intern<\/a><\/p>\n<p style=\"text-align: center;\"><a href=\"https:\/\/economice.valahia.ro\/wp-content\/uploads\/2023\/03\/FD-LCI3-Control-de-gestiune.pdf\" target=\"_blank\" rel=\"noopener\">Control de gestiune<\/a><\/p>\n<p style=\"text-align: center;\"><a href=\"https:\/\/economice.valahia.ro\/wp-content\/uploads\/2023\/03\/FD-LCI3-Fiscalitate.pdf\" target=\"_blank\" rel=\"noopener\">Fiscalitate<\/a><\/p>\n<p style=\"text-align: center;\"><a href=\"https:\/\/economice.valahia.ro\/wp-content\/uploads\/2023\/03\/FD-LCI3-Proiectarea-sistemelor-informatice-de-gestiune.pdf\" target=\"_blank\" rel=\"noopener\">Proiectarea sistemelor informatice de gestiune<\/a><\/p>\n<p style=\"text-align: center;\"><a href=\"https:\/\/economice.valahia.ro\/wp-content\/uploads\/2023\/03\/FD-LCI3-Sisteme-informatice-de-asistare-a-deciziei.pdf\" target=\"_blank\" rel=\"noopener\">Sisteme informatice de asistare a deciziei<\/a><\/p>\n<p>&nbsp;[\/vc_column_text][\/vc_column][\/vc_row][vc_row][vc_column][\/vc_column][\/vc_row]<\/p>\n","protected":false},"excerpt":{"rendered":"<p>[vc_row][vc_column][\/vc_column][\/vc_row][vc_row][vc_column][vc_empty_space][vc_text_separator title=&#8221;SEMESTRUL I&#8221; color=&#8221;orange&#8221;][\/vc_column][\/vc_row][vc_row][vc_column][vc_column_text] Analiz\u0103 economic\u0103 \u015fi financiar\u0103 Contabilitate de gestiune Contabilitatea institu\u0163iilor de credit Contabilitatea \u0219i gestiunea trezoreriei Drept societar Sisteme informatice de gestiune Sisteme \u0219i raport\u0103ri financiare &nbsp;[\/vc_column_text][\/vc_column][\/vc_row][vc_row][vc_column][vc_text_separator title=&#8221;SEMESTRUL II&#8221; color=&#8221;orange&#8221;][vc_column_text] Antreprenoriat \u0219i gestiunea afacerilor Audit intern Control de gestiune Fiscalitate Proiectarea sistemelor informatice de gestiune Sisteme informatice de asistare a deciziei &nbsp;[\/vc_column_text][\/vc_column][\/vc_row][vc_row][vc_column][\/vc_column][\/vc_row]<\/p>\n","protected":false},"author":1,"featured_media":0,"parent":0,"menu_order":0,"comment_status":"closed","ping_status":"closed","template":"","meta":{"footnotes":""},"class_list":["post-6802","page","type-page","status-publish","hentry"],"_links":{"self":[{"href":"https:\/\/economice.valahia.ro\/index.php?rest_route=\/wp\/v2\/pages\/6802","targetHints":{"allow":["GET"]}}],"collection":[{"href":"https:\/\/economice.valahia.ro\/index.php?rest_route=\/wp\/v2\/pages"}],"about":[{"href":"https:\/\/economice.valahia.ro\/index.php?rest_route=\/wp\/v2\/types\/page"}],"author":[{"embeddable":true,"href":"https:\/\/economice.valahia.ro\/index.php?rest_route=\/wp\/v2\/users\/1"}],"replies":[{"embeddable":true,"href":"https:\/\/economice.valahia.ro\/index.php?rest_route=%2Fwp%2Fv2%2Fcomments&post=6802"}],"version-history":[{"count":6,"href":"https:\/\/economice.valahia.ro\/index.php?rest_route=\/wp\/v2\/pages\/6802\/revisions"}],"predecessor-version":[{"id":9561,"href":"https:\/\/economice.valahia.ro\/index.php?rest_route=\/wp\/v2\/pages\/6802\/revisions\/9561"}],"wp:attachment":[{"href":"https:\/\/economice.valahia.ro\/index.php?rest_route=%2Fwp%2Fv2%2Fmedia&parent=6802"}],"curies":[{"name":"wp","href":"https:\/\/api.w.org\/{rel}","templated":true}]}}