{"id":6823,"date":"2021-11-02T21:57:30","date_gmt":"2021-11-02T21:57:30","guid":{"rendered":"https:\/\/economice.valahia.ro\/?page_id=6823"},"modified":"2026-03-04T01:01:40","modified_gmt":"2026-03-03T23:01:40","slug":"fisa-disciplinei-mg-2","status":"publish","type":"page","link":"https:\/\/economice.valahia.ro\/?page_id=6823","title":{"rendered":"Fisa disciplinei mg 2"},"content":{"rendered":"<p>[vc_row][vc_column]<h2 style=\"color:;\" class=\" ztl-accent-font ztl-center ztl-font-bold\">MANAGEMENT - ANUL II<\/h2>[vc_column_text]<\/p>\n<h3 style=\"text-align: center;\">fi\u0219e disciplin\u0103<\/h3>\n<p>[\/vc_column_text][\/vc_column][\/vc_row][vc_row][vc_column][vc_text_separator title=&#8221;SEMESTRUL I&#8221; color=&#8221;orange&#8221;][\/vc_column][\/vc_row][vc_row][vc_column][vc_column_text]<\/p>\n<h3 style=\"text-align: center;\"><a href=\"https:\/\/economice.valahia.ro\/wp-content\/uploads\/2026\/03\/FD-2025-2026_MG_Management.pdf\" target=\"_blank\" rel=\"noopener\">Management<\/a><\/h3>\n<h3 style=\"text-align: center;\"><a href=\"https:\/\/economice.valahia.ro\/wp-content\/uploads\/2026\/03\/FD-2025-2026_MG_Contabilitate-financiara.pdf\" target=\"_blank\" rel=\"noopener\">Contabilitate financiar\u0103<\/a><\/h3>\n<h3 style=\"text-align: center;\"><a href=\"https:\/\/economice.valahia.ro\/wp-content\/uploads\/2026\/03\/FD-2025-2026_MG_Finante-Publice.pdf\" target=\"_blank\" rel=\"noopener\">Finan\u0163e publice<\/a><\/h3>\n<h3 style=\"text-align: center;\"><a href=\"https:\/\/economice.valahia.ro\/wp-content\/uploads\/2026\/03\/FD-2025-2026_MG_Marketing.pdf\" target=\"_blank\" rel=\"noopener\">Marketing<\/a><\/h3>\n<h3 style=\"text-align: center;\"><a href=\"https:\/\/economice.valahia.ro\/wp-content\/uploads\/2026\/03\/FD-2025-2026_MG_Econometrie.pdf\" target=\"_blank\" rel=\"noopener\">Econometrie<\/a><\/h3>\n<h3 style=\"text-align: center;\"><a href=\"https:\/\/economice.valahia.ro\/wp-content\/uploads\/2026\/03\/FD-2025-2026_MG_CLbE_sem-I.pdf\" target=\"_blank\" rel=\"noopener\">Comunicare \u00een limba englez\u0103<\/a><\/h3>\n<h3 style=\"text-align: center;\"><a href=\"https:\/\/economice.valahia.ro\/wp-content\/uploads\/2026\/03\/FD-2025-2026_MG_EFS_sem-I.pdf\" target=\"_blank\" rel=\"noopener\">Educa\u0163ie fizic\u0103 \u015fi sport<\/a><\/h3>\n<p>[\/vc_column_text][\/vc_column][\/vc_row][vc_row][vc_column][vc_text_separator title=&#8221;SEMESTRUL II&#8221; color=&#8221;orange&#8221;][vc_column_text]<\/p>\n<h3 style=\"text-align: center;\"><a href=\"https:\/\/economice.valahia.ro\/wp-content\/uploads\/2026\/03\/FD-2025-2026_MG_Finantele-intreprinderii.pdf\" target=\"_blank\" rel=\"noopener\">Finan\u0163ele \u00eentreprinderii<\/a><\/h3>\n<h3 style=\"text-align: center;\"><a href=\"https:\/\/economice.valahia.ro\/wp-content\/uploads\/2026\/03\/FD-2025-2026_MG_Contabilitate-de-gestiune.pdf\" target=\"_blank\" rel=\"noopener\">Contabilitate de gestiune<\/a><\/h3>\n<h3 style=\"text-align: center;\"><a href=\"https:\/\/economice.valahia.ro\/wp-content\/uploads\/2026\/03\/FD-2025-2026_MG_Logistica.pdf\" target=\"_blank\" rel=\"noopener\">Logistic\u0103<\/a><\/h3>\n<h3 style=\"text-align: center;\"><a href=\"https:\/\/economice.valahia.ro\/wp-content\/uploads\/2026\/03\/FD-2025-2026_MG_Mg-productiei.pdf\" target=\"_blank\" rel=\"noopener\">Managementul produc\u0163iei<\/a><\/h3>\n<h3 style=\"text-align: center;\"><a href=\"https:\/\/economice.valahia.ro\/wp-content\/uploads\/2026\/03\/FD-2025-2026_MG_Managementul-IMM.pdf\" target=\"_blank\" rel=\"noopener\">Managementul IMM<\/a><\/h3>\n<h3 style=\"text-align: center;\"><a href=\"https:\/\/economice.valahia.ro\/wp-content\/uploads\/2026\/03\/FD-2025-2026_MG-II_PRACTICA.pdf\" target=\"_blank\" rel=\"noopener\">Practic\u0103<\/a><\/h3>\n<h3 style=\"text-align: center;\"><a href=\"https:\/\/economice.valahia.ro\/wp-content\/uploads\/2026\/03\/FD-2025-2026_MG_sem-2_EFS.pdf\" target=\"_blank\" rel=\"noopener\">Educa\u0163ie fizic\u0103 \u015fi sport<\/a><\/h3>\n<h3 style=\"text-align: center;\"><a href=\"https:\/\/economice.valahia.ro\/wp-content\/uploads\/2026\/03\/FD-2025-2026_MG_EIA.pdf\" target=\"_blank\" rel=\"noopener\">Etic\u0103 \u0219i integritate academic\u0103<\/a><\/h3>\n<p>[\/vc_column_text][\/vc_column][\/vc_row]<\/p>\n","protected":false},"excerpt":{"rendered":"<p>[vc_row][vc_column][vc_column_text] fi\u0219e disciplin\u0103 [\/vc_column_text][\/vc_column][\/vc_row][vc_row][vc_column][vc_text_separator title=&#8221;SEMESTRUL I&#8221; color=&#8221;orange&#8221;][\/vc_column][\/vc_row][vc_row][vc_column][vc_column_text] Management Contabilitate financiar\u0103 Finan\u0163e publice Marketing Econometrie Comunicare \u00een limba englez\u0103 Educa\u0163ie fizic\u0103 \u015fi sport [\/vc_column_text][\/vc_column][\/vc_row][vc_row][vc_column][vc_text_separator title=&#8221;SEMESTRUL II&#8221; color=&#8221;orange&#8221;][vc_column_text] Finan\u0163ele \u00eentreprinderii Contabilitate de gestiune Logistic\u0103 Managementul produc\u0163iei Managementul IMM Practic\u0103 Educa\u0163ie fizic\u0103 \u015fi sport Etic\u0103 \u0219i integritate academic\u0103 [\/vc_column_text][\/vc_column][\/vc_row]<\/p>\n","protected":false},"author":1,"featured_media":0,"parent":0,"menu_order":0,"comment_status":"closed","ping_status":"closed","template":"","meta":{"footnotes":""},"class_list":["post-6823","page","type-page","status-publish","hentry"],"_links":{"self":[{"href":"https:\/\/economice.valahia.ro\/index.php?rest_route=\/wp\/v2\/pages\/6823","targetHints":{"allow":["GET"]}}],"collection":[{"href":"https:\/\/economice.valahia.ro\/index.php?rest_route=\/wp\/v2\/pages"}],"about":[{"href":"https:\/\/economice.valahia.ro\/index.php?rest_route=\/wp\/v2\/types\/page"}],"author":[{"embeddable":true,"href":"https:\/\/economice.valahia.ro\/index.php?rest_route=\/wp\/v2\/users\/1"}],"replies":[{"embeddable":true,"href":"https:\/\/economice.valahia.ro\/index.php?rest_route=%2Fwp%2Fv2%2Fcomments&post=6823"}],"version-history":[{"count":10,"href":"https:\/\/economice.valahia.ro\/index.php?rest_route=\/wp\/v2\/pages\/6823\/revisions"}],"predecessor-version":[{"id":11657,"href":"https:\/\/economice.valahia.ro\/index.php?rest_route=\/wp\/v2\/pages\/6823\/revisions\/11657"}],"wp:attachment":[{"href":"https:\/\/economice.valahia.ro\/index.php?rest_route=%2Fwp%2Fv2%2Fmedia&parent=6823"}],"curies":[{"name":"wp","href":"https:\/\/api.w.org\/{rel}","templated":true}]}}