{"id":6841,"date":"2021-11-02T22:08:11","date_gmt":"2021-11-02T22:08:11","guid":{"rendered":"https:\/\/economice.valahia.ro\/?page_id=6841"},"modified":"2025-12-18T01:39:20","modified_gmt":"2025-12-17T23:39:20","slug":"fisa-disciplinei-mg-id-2","status":"publish","type":"page","link":"https:\/\/economice.valahia.ro\/?page_id=6841","title":{"rendered":"Fisa disciplinei mg id 2"},"content":{"rendered":"<p>[vc_row][vc_column]<h2 style=\"color:;\" class=\" ztl-accent-font ztl-center ztl-font-bold\">MANAGEMENT ID - ANUL 2<\/h2>[\/vc_column][\/vc_row][vc_row][vc_column][vc_text_separator title=&#8221;SEMESTRUL I&#8221; color=&#8221;orange&#8221;][\/vc_column][\/vc_row][vc_row][vc_column][vc_column_text]<\/p>\n<h3 style=\"text-align: center;\"><a href=\"https:\/\/economice.valahia.ro\/wp-content\/uploads\/2025\/12\/FD-MG2-ID-Management.pdf\" target=\"_blank\" rel=\"noopener\">Management<\/a><br \/>\n<a href=\"https:\/\/economice.valahia.ro\/wp-content\/uploads\/2025\/12\/FD-MG2-ID-Contabilitate-financiara.pdf\" target=\"_blank\" rel=\"noopener\">Contabilitate financiar\u0103<\/a><br \/>\n<a href=\"https:\/\/economice.valahia.ro\/wp-content\/uploads\/2025\/12\/FD-MG2-ID-Finante-publice.pdf\" target=\"_blank\" rel=\"noopener\">Finan\u0163e publice<\/a><br \/>\n<a href=\"https:\/\/economice.valahia.ro\/wp-content\/uploads\/2025\/12\/FD-MG2-ID-Marketing.pdf\" target=\"_blank\" rel=\"noopener\">Marketing<\/a><br \/>\n<a href=\"https:\/\/economice.valahia.ro\/wp-content\/uploads\/2025\/12\/FD-MG2-ID-Econometrie.pdf\" target=\"_blank\" rel=\"noopener\">Econometrie<\/a><br \/>\n<a href=\"https:\/\/economice.valahia.ro\/wp-content\/uploads\/2025\/12\/FD-MG2-ID-Comunicare-in-limba-engleza.pdf\" target=\"_blank\" rel=\"noopener\">Comunicare \u00een limba englez\u0103<\/a><br \/>\n<a href=\"https:\/\/economice.valahia.ro\/wp-content\/uploads\/2025\/12\/FD-MG2-ID-Educatie-fizica-si-sport-I.pdf\" target=\"_blank\" rel=\"noopener\">Educa\u0163ie fizic\u0103 \u015fi sport &#8211; I<\/a><\/h3>\n<p>[\/vc_column_text][\/vc_column][\/vc_row][vc_row][vc_column][vc_text_separator title=&#8221;SEMESTRUL II&#8221; color=&#8221;orange&#8221;][vc_column_text]<\/p>\n<h3 style=\"text-align: center;\"><a href=\"https:\/\/economice.valahia.ro\/wp-content\/uploads\/2025\/12\/FD-MG2-ID-Finantele-intreprinderii.pdf\" target=\"_blank\" rel=\"noopener\">Finan\u0163ele \u00eentreprinderii<\/a><br \/>\n<a href=\"https:\/\/economice.valahia.ro\/wp-content\/uploads\/2025\/12\/FD-MG2-ID-Contabilitate-de-gestiune.pdf\" target=\"_blank\" rel=\"noopener\">Contabilitate de gestiune<\/a><br \/>\n<a href=\"https:\/\/economice.valahia.ro\/wp-content\/uploads\/2025\/12\/FD-MG2-ID-Logistica.pdf\" target=\"_blank\" rel=\"noopener\">Logistic\u0103<\/a><br \/>\n<a href=\"https:\/\/economice.valahia.ro\/wp-content\/uploads\/2025\/12\/FD-MG2-ID-Managementul-productiei.pdf\" target=\"_blank\" rel=\"noopener\">Managementul produc\u0163iei<\/a><br \/>\n<a href=\"https:\/\/economice.valahia.ro\/wp-content\/uploads\/2025\/12\/FD-MG2-ID-Managementul-IMM.pdf\" target=\"_blank\" rel=\"noopener\">Managementul IMM-urilor<\/a><br \/>\n<a href=\"https:\/\/economice.valahia.ro\/wp-content\/uploads\/2025\/12\/FD-MG2-ID-Etica-si-integritate-academica.pdf\" target=\"_blank\" rel=\"noopener\">Etic\u0103 \u0219i integritate academic\u0103<\/a><br \/>\n<a href=\"https:\/\/economice.valahia.ro\/wp-content\/uploads\/2025\/12\/FD-MG2-ID-Practica.pdf\" target=\"_blank\" rel=\"noopener\">Practic\u0103<\/a><br \/>\n<a href=\"https:\/\/economice.valahia.ro\/wp-content\/uploads\/2025\/12\/FD-MG2-ID-Educatie-fizica-si-sport-II.pdf\" target=\"_blank\" rel=\"noopener\">Educa\u0163ie fizic\u0103 \u015fi sport &#8211; II<\/a><\/h3>\n<p>[\/vc_column_text][\/vc_column][\/vc_row]<\/p>\n","protected":false},"excerpt":{"rendered":"<p>[vc_row][vc_column][\/vc_column][\/vc_row][vc_row][vc_column][vc_text_separator title=&#8221;SEMESTRUL I&#8221; color=&#8221;orange&#8221;][\/vc_column][\/vc_row][vc_row][vc_column][vc_column_text] Management Contabilitate financiar\u0103 Finan\u0163e publice Marketing Econometrie Comunicare \u00een limba englez\u0103 Educa\u0163ie fizic\u0103 \u015fi sport &#8211; I [\/vc_column_text][\/vc_column][\/vc_row][vc_row][vc_column][vc_text_separator title=&#8221;SEMESTRUL II&#8221; color=&#8221;orange&#8221;][vc_column_text] Finan\u0163ele \u00eentreprinderii Contabilitate de gestiune Logistic\u0103 Managementul produc\u0163iei Managementul IMM-urilor Etic\u0103 \u0219i integritate academic\u0103 Practic\u0103 Educa\u0163ie fizic\u0103 \u015fi sport &#8211; II [\/vc_column_text][\/vc_column][\/vc_row]<\/p>\n","protected":false},"author":1,"featured_media":0,"parent":0,"menu_order":0,"comment_status":"closed","ping_status":"closed","template":"","meta":{"footnotes":""},"class_list":["post-6841","page","type-page","status-publish","hentry"],"_links":{"self":[{"href":"https:\/\/economice.valahia.ro\/index.php?rest_route=\/wp\/v2\/pages\/6841","targetHints":{"allow":["GET"]}}],"collection":[{"href":"https:\/\/economice.valahia.ro\/index.php?rest_route=\/wp\/v2\/pages"}],"about":[{"href":"https:\/\/economice.valahia.ro\/index.php?rest_route=\/wp\/v2\/types\/page"}],"author":[{"embeddable":true,"href":"https:\/\/economice.valahia.ro\/index.php?rest_route=\/wp\/v2\/users\/1"}],"replies":[{"embeddable":true,"href":"https:\/\/economice.valahia.ro\/index.php?rest_route=%2Fwp%2Fv2%2Fcomments&post=6841"}],"version-history":[{"count":7,"href":"https:\/\/economice.valahia.ro\/index.php?rest_route=\/wp\/v2\/pages\/6841\/revisions"}],"predecessor-version":[{"id":11346,"href":"https:\/\/economice.valahia.ro\/index.php?rest_route=\/wp\/v2\/pages\/6841\/revisions\/11346"}],"wp:attachment":[{"href":"https:\/\/economice.valahia.ro\/index.php?rest_route=%2Fwp%2Fv2%2Fmedia&parent=6841"}],"curies":[{"name":"wp","href":"https:\/\/api.w.org\/{rel}","templated":true}]}}