{"id":6892,"date":"2021-11-02T21:28:51","date_gmt":"2021-11-02T21:28:51","guid":{"rendered":"https:\/\/economice.valahia.ro\/?page_id=6892"},"modified":"2025-03-05T02:00:39","modified_gmt":"2025-03-05T00:00:39","slug":"fisa-disciplinei-mmi-1","status":"publish","type":"page","link":"https:\/\/economice.valahia.ro\/?page_id=6892","title":{"rendered":"Fisa disciplinei mmi 1"},"content":{"rendered":"<p>[vc_row][vc_column]<h2 style=\"color:;\" class=\" ztl-accent-font ztl-center ztl-font-bold\">MASTER MANAGEMENTUL INFORMA\u021aIILOR - ANUL 1<\/h2>[\/vc_column][\/vc_row][vc_row][vc_column][vc_text_separator title=&#8221;SEMESTRUL I&#8221; color=&#8221;orange&#8221;][\/vc_column][\/vc_row][vc_row][vc_column][vc_column_text]<\/p>\n<h3 style=\"text-align: center;\"><a href=\"https:\/\/economice.valahia.ro\/wp-content\/uploads\/2025\/03\/MMI1S1-01-Managementul-organizatiei-Duica-A.pdf\" target=\"_blank\" rel=\"noopener\">Managementul organiza\u021biei<\/a><br \/>\n<a href=\"https:\/\/economice.valahia.ro\/wp-content\/uploads\/2025\/03\/MMI1S1-02-Fisa-disciplinei_Managementul-informatiilor_MMI-Croitoru-G.pdf\" target=\"_blank\" rel=\"noopener\">Managementul informa\u0163iilor<\/a><br \/>\n<a href=\"https:\/\/economice.valahia.ro\/wp-content\/uploads\/2025\/03\/MMI1S1-03-Fisa-disciplinei_Strategii-euroatlantice-de-securitate-Ghibanu-AI.pdf\" target=\"_blank\" rel=\"noopener\">Strategii euroatlantince de securitate<\/a><br \/>\n<a href=\"https:\/\/economice.valahia.ro\/wp-content\/uploads\/2025\/03\/MMI1S1-04-fisa-disciplinei-Rel-pb-si-de-prot-MMI-I-Florea-NV.pdf\" target=\"_blank\" rel=\"noopener\">Rela\u021bii publice \u0219i de protocol<\/a><\/h3>\n<p>[\/vc_column_text][\/vc_column][\/vc_row][vc_row][vc_column][vc_text_separator title=&#8221;SEMESTRUL II&#8221; color=&#8221;orange&#8221;][vc_column_text]<\/p>\n<h3 style=\"text-align: center;\"><a href=\"https:\/\/economice.valahia.ro\/wp-content\/uploads\/2025\/03\/MMI1S2-01-Fisa-disciplinei_Managementul-schimbarii-si-riscurilor_MMI-Croitoru-G.pdf\" target=\"_blank\" rel=\"noopener\">Managementul schimb\u0103rii \u015fi riscurilor<\/a><br \/>\n<a href=\"https:\/\/economice.valahia.ro\/wp-content\/uploads\/2025\/03\/MMI1S2-02-Responsabilitatea-sociala-a-organizatiei_MMI-Ghibanu-AI.pdf\" target=\"_blank\" rel=\"noopener\">Responsabilitatea social\u0103 a organiza\u021biilor<\/a><br \/>\n<a href=\"https:\/\/economice.valahia.ro\/wp-content\/uploads\/2025\/03\/MMI1S2-03-Fisa-disciplinei_Managementul-riscului-si-securitatea-infrastructurilor-critice_MMI-Croitoru-G.pdf\" target=\"_blank\" rel=\"noopener\">Managementul riscului \u0219i securitatea infrastructurilor critice<\/a><br \/>\n<a href=\"https:\/\/economice.valahia.ro\/wp-content\/uploads\/2025\/03\/MMI1S2-04-fisa-disciplinei-leadership-si-mg-com-delia-popescu.pdf\" target=\"_blank\" rel=\"noopener\">Leadership \u015fi managementul comunic\u0103rii<\/a><br \/>\n<a href=\"https:\/\/economice.valahia.ro\/wp-content\/uploads\/2025\/03\/MMI1S2-05-Etica-si-integritate-academica-Bulea-EAl.pdf\" target=\"_blank\" rel=\"noopener\">Etic\u0103 \u0219i integritate academic\u0103<\/a><\/h3>\n<p>[\/vc_column_text][\/vc_column][\/vc_row]<\/p>\n","protected":false},"excerpt":{"rendered":"<p>[vc_row][vc_column][\/vc_column][\/vc_row][vc_row][vc_column][vc_text_separator title=&#8221;SEMESTRUL I&#8221; color=&#8221;orange&#8221;][\/vc_column][\/vc_row][vc_row][vc_column][vc_column_text] Managementul organiza\u021biei Managementul informa\u0163iilor Strategii euroatlantince de securitate Rela\u021bii publice \u0219i de protocol [\/vc_column_text][\/vc_column][\/vc_row][vc_row][vc_column][vc_text_separator title=&#8221;SEMESTRUL II&#8221; color=&#8221;orange&#8221;][vc_column_text] Managementul schimb\u0103rii \u015fi riscurilor Responsabilitatea social\u0103 a organiza\u021biilor Managementul riscului \u0219i securitatea infrastructurilor critice Leadership \u015fi managementul comunic\u0103rii Etic\u0103 \u0219i integritate academic\u0103 [\/vc_column_text][\/vc_column][\/vc_row]<\/p>\n","protected":false},"author":1,"featured_media":0,"parent":0,"menu_order":0,"comment_status":"closed","ping_status":"closed","template":"","meta":{"footnotes":""},"class_list":["post-6892","page","type-page","status-publish","hentry"],"_links":{"self":[{"href":"https:\/\/economice.valahia.ro\/index.php?rest_route=\/wp\/v2\/pages\/6892","targetHints":{"allow":["GET"]}}],"collection":[{"href":"https:\/\/economice.valahia.ro\/index.php?rest_route=\/wp\/v2\/pages"}],"about":[{"href":"https:\/\/economice.valahia.ro\/index.php?rest_route=\/wp\/v2\/types\/page"}],"author":[{"embeddable":true,"href":"https:\/\/economice.valahia.ro\/index.php?rest_route=\/wp\/v2\/users\/1"}],"replies":[{"embeddable":true,"href":"https:\/\/economice.valahia.ro\/index.php?rest_route=%2Fwp%2Fv2%2Fcomments&post=6892"}],"version-history":[{"count":6,"href":"https:\/\/economice.valahia.ro\/index.php?rest_route=\/wp\/v2\/pages\/6892\/revisions"}],"predecessor-version":[{"id":10850,"href":"https:\/\/economice.valahia.ro\/index.php?rest_route=\/wp\/v2\/pages\/6892\/revisions\/10850"}],"wp:attachment":[{"href":"https:\/\/economice.valahia.ro\/index.php?rest_route=%2Fwp%2Fv2%2Fmedia&parent=6892"}],"curies":[{"name":"wp","href":"https:\/\/api.w.org\/{rel}","templated":true}]}}