{"id":6907,"date":"2021-11-02T21:31:20","date_gmt":"2021-11-02T21:31:20","guid":{"rendered":"https:\/\/economice.valahia.ro\/?page_id=6907"},"modified":"2025-03-05T01:41:07","modified_gmt":"2025-03-04T23:41:07","slug":"fisa-disciplinei-mmo-2","status":"publish","type":"page","link":"https:\/\/economice.valahia.ro\/?page_id=6907","title":{"rendered":"Fisa disciplinei mmo 2"},"content":{"rendered":"<p>[vc_row][vc_column]<h2 style=\"color:;\" class=\" ztl-accent-font ztl-center ztl-font-bold\">MASTER MANAGEMENTUL ORGANIZA\u021aIEI - ANUL 2<\/h2>[\/vc_column][\/vc_row][vc_row][vc_column][vc_text_separator title=&#8221;SEMESTRUL I&#8221; color=&#8221;orange&#8221;][\/vc_column][\/vc_row][vc_row][vc_column][vc_column_text]<\/p>\n<h3 style=\"text-align: center;\"><a href=\"https:\/\/economice.valahia.ro\/wp-content\/uploads\/2025\/03\/MMO2S1-01-Responsabilitatea-sociala-a-organizatiei_MMO-Ghibanu-AI.pdf\" target=\"_blank\" rel=\"noopener\">Responsabilitatea social\u0103 a organiza\u021biei<\/a><\/h3>\n<h3 style=\"text-align: center;\"><a href=\"https:\/\/economice.valahia.ro\/wp-content\/uploads\/2025\/03\/MMO2S1-02-Investitii-directe-si-finantarea-lor-M-Mieila_modif.pdf\" target=\"_blank\" rel=\"noopener\">Investi\u0163ii directe \u015fi finan\u0163area lor<\/a><\/h3>\n<h3 style=\"text-align: center;\"><a href=\"https:\/\/economice.valahia.ro\/wp-content\/uploads\/2025\/03\/MMO2S1-03-_Metodologia-cercetarii-stiintifice-Radu-Valentin-2024-2025.pdf\" target=\"_blank\" rel=\"noopener\">Metodologia cercet\u0103rii \u015ftiin\u0163ifice<\/a><\/h3>\n<h3 style=\"text-align: center;\"><a href=\"https:\/\/economice.valahia.ro\/wp-content\/uploads\/2025\/03\/MMO2S1-04a-opt-ales-FISA-DISCIPLINEI-DD-MM-O-II-2024-FINALA-corectata-si-completata.pdf\" target=\"_blank\" rel=\"noopener\">Dezvoltare durabil\u0103 (op\u021bional 4A)<\/a><\/h3>\n<h3 style=\"text-align: center;\"><a href=\"https:\/\/economice.valahia.ro\/wp-content\/uploads\/2025\/03\/MMO2S1-04b-opt-Fisa-disciplinei-Economia-mediului_MMO.pdf\" target=\"_blank\" rel=\"noopener\">Economia mediului (op\u021bional 4B)<\/a><\/h3>\n<h3 style=\"text-align: center;\"><a href=\"https:\/\/economice.valahia.ro\/wp-content\/uploads\/2025\/03\/MMO2S1-05a-opt-ales-Fisa-disciplinei_Managementul-institutiilor-de-cultura-Ghibanu-AI.pdf\" target=\"_blank\" rel=\"noopener\">Managementul institu\u021biilor de cultur\u0103 (op\u021bional 5A)<\/a><\/h3>\n<h3 style=\"text-align: center;\"><a href=\"https:\/\/economice.valahia.ro\/wp-content\/uploads\/2025\/03\/MMO2S1-05b-opt-Fisa-disciplinei-Managementul-unitatilor-turistice_MMO.pdf\" target=\"_blank\" rel=\"noopener\">Managementul unit\u0103\u021bilor turistice (op\u021bional 5B)<\/a><\/h3>\n<p>[\/vc_column_text][\/vc_column][\/vc_row][vc_row][vc_column][vc_text_separator title=&#8221;SEMESTRUL II&#8221; color=&#8221;orange&#8221;][vc_column_text]<\/p>\n<h3 style=\"text-align: center;\"><a href=\"https:\/\/economice.valahia.ro\/wp-content\/uploads\/2025\/03\/MMO2S2-01-Fisa-disciplinei-MSP-MMO-2-2024-2025-Popescu-C-ta.pdf\" target=\"_blank\" rel=\"noopener\">Managementul serviciilor publice<\/a><\/h3>\n<h3 style=\"text-align: center;\"><a href=\"https:\/\/economice.valahia.ro\/wp-content\/uploads\/2025\/03\/MMO2S2-02-Management-intercultural-Fratila-CA.pdf\" target=\"_blank\" rel=\"noopener\">Management intercultural<\/a><br \/>\n<a href=\"https:\/\/economice.valahia.ro\/wp-content\/uploads\/2025\/03\/MMO2S2-03-Fisa-disciplinei-2024-2025-managementul-performantelor-MMO-Duica-A.pdf\" target=\"_blank\" rel=\"noopener\">Managementul performan\u021belor<\/a><br \/>\n<a href=\"https:\/\/economice.valahia.ro\/wp-content\/uploads\/2025\/03\/MMO2S2-04-Fisa-disciplinei_Jocuri-de-intreprindere-Ghibanu-AI.pdf\" target=\"_blank\" rel=\"noopener\">Jocuri de \u00eentreprindere<\/a><br \/>\n<a href=\"https:\/\/economice.valahia.ro\/wp-content\/uploads\/2025\/03\/MMO2S2-05-Practica-2-Duica-MC-si-Savu-BC.pdf\" target=\"_blank\" rel=\"noopener\">Practic\u0103<\/a><br \/>\nElaborarea lucr\u0103rii de diserta\u0163ie<\/h3>\n<p>[\/vc_column_text][\/vc_column][\/vc_row]<\/p>\n","protected":false},"excerpt":{"rendered":"<p>[vc_row][vc_column][\/vc_column][\/vc_row][vc_row][vc_column][vc_text_separator title=&#8221;SEMESTRUL I&#8221; color=&#8221;orange&#8221;][\/vc_column][\/vc_row][vc_row][vc_column][vc_column_text] Responsabilitatea social\u0103 a organiza\u021biei Investi\u0163ii directe \u015fi finan\u0163area lor Metodologia cercet\u0103rii \u015ftiin\u0163ifice Dezvoltare durabil\u0103 (op\u021bional 4A) Economia mediului (op\u021bional 4B) Managementul institu\u021biilor de cultur\u0103 (op\u021bional 5A) Managementul unit\u0103\u021bilor turistice (op\u021bional 5B) [\/vc_column_text][\/vc_column][\/vc_row][vc_row][vc_column][vc_text_separator title=&#8221;SEMESTRUL II&#8221; color=&#8221;orange&#8221;][vc_column_text] Managementul serviciilor publice Management intercultural Managementul performan\u021belor Jocuri de \u00eentreprindere Practic\u0103 Elaborarea lucr\u0103rii de diserta\u0163ie [\/vc_column_text][\/vc_column][\/vc_row]<\/p>\n","protected":false},"author":1,"featured_media":0,"parent":0,"menu_order":0,"comment_status":"closed","ping_status":"closed","template":"","meta":{"footnotes":""},"class_list":["post-6907","page","type-page","status-publish","hentry"],"_links":{"self":[{"href":"https:\/\/economice.valahia.ro\/index.php?rest_route=\/wp\/v2\/pages\/6907","targetHints":{"allow":["GET"]}}],"collection":[{"href":"https:\/\/economice.valahia.ro\/index.php?rest_route=\/wp\/v2\/pages"}],"about":[{"href":"https:\/\/economice.valahia.ro\/index.php?rest_route=\/wp\/v2\/types\/page"}],"author":[{"embeddable":true,"href":"https:\/\/economice.valahia.ro\/index.php?rest_route=\/wp\/v2\/users\/1"}],"replies":[{"embeddable":true,"href":"https:\/\/economice.valahia.ro\/index.php?rest_route=%2Fwp%2Fv2%2Fcomments&post=6907"}],"version-history":[{"count":5,"href":"https:\/\/economice.valahia.ro\/index.php?rest_route=\/wp\/v2\/pages\/6907\/revisions"}],"predecessor-version":[{"id":10826,"href":"https:\/\/economice.valahia.ro\/index.php?rest_route=\/wp\/v2\/pages\/6907\/revisions\/10826"}],"wp:attachment":[{"href":"https:\/\/economice.valahia.ro\/index.php?rest_route=%2Fwp%2Fv2%2Fmedia&parent=6907"}],"curies":[{"name":"wp","href":"https:\/\/api.w.org\/{rel}","templated":true}]}}